{"id":82,"date":"2014-06-30T22:59:14","date_gmt":"2014-06-30T19:59:14","guid":{"rendered":"http:\/\/www.tapiolanratsastuskoulu.net\/wordpress\/?page_id=82"},"modified":"2022-12-28T09:22:02","modified_gmt":"2022-12-28T07:22:02","slug":"talutusratsastus","status":"publish","type":"page","link":"https:\/\/www.tapiolanratsastuskoulu.net\/?page_id=82","title":{"rendered":"Tunnin peruuttaminen"},"content":{"rendered":"\n<p><\/p>\n\n\n\n<p>Ratsastustunti tulee peruuttaa viimeist\u00e4\u00e4n edellisen\u00e4 p\u00e4iv\u00e4n\u00e4 klo 24.00 tekstiviestill\u00e4 numeroon 040 65 86 808. T\u00e4ll\u00f6in tunti on mahdollista korvata veloituksetta. My\u00f6hemmin peruutettu tunti , syyst\u00e4 riippumatta on mahdollista korvata 10\u20ac lis\u00e4maksusta , kuitenkin niin ett\u00e4 tunti on peruutettu viimeist\u00e4\u00e4n tuntia ennen kyseisen ratsastustunnin alkua. Peruuttamatta j\u00e4tetty\u00e4 tuntia ei voi korvata.<\/p>\n\n\n\n<p>Korvaustunti sovitaan opettajan kanssa mieluiten tekstarilla yll\u00e4 mainitussa numerossa. Korvaustunti tulee ratsastaa meneill\u00e4\u00e4n olevan kauden aikana. Korvaustunteja on mahdollista ratsastaa mik\u00e4li vapaita paikkoja on. Kerran sovittua korvaustuntia ei voi siirt\u00e4\u00e4 uudestaan.<\/p>\n<div class=\"fcbkbttn_buttons_block\" id=\"fcbkbttn_left\"><div class=\"fcbkbttn_like \"><fb:like href=\"https:\/\/www.tapiolanratsastuskoulu.net\/?page_id=82\" action=\"like\" colorscheme=\"light\" layout=\"standard\"  width=\"225px\" size=\"small\"><\/fb:like><\/div><div class=\"fb-share-button  \" data-href=\"https:\/\/www.tapiolanratsastuskoulu.net\/?page_id=82\" data-type=\"button_count\" data-size=\"small\"><\/div><\/div>","protected":false},"excerpt":{"rendered":"<p>Ratsastustunti tulee peruuttaa viimeist\u00e4\u00e4n edellisen\u00e4 p\u00e4iv\u00e4n\u00e4 klo 24.00 tekstiviestill\u00e4 numeroon 040 65 86 808. T\u00e4ll\u00f6in tunti on mahdollista korvata veloituksetta. My\u00f6hemmin peruutettu tunti , syyst\u00e4 riippumatta on mahdollista korvata 10\u20ac lis\u00e4maksusta , kuitenkin niin ett\u00e4 tunti on peruutettu viimeist\u00e4\u00e4n tuntia ennen kyseisen ratsastustunnin alkua. Peruuttamatta j\u00e4tetty\u00e4 tuntia ei voi korvata. Korvaustunti sovitaan opettajan kanssa mieluiten &hellip; <a href=\"https:\/\/www.tapiolanratsastuskoulu.net\/?page_id=82\" class=\"more-link\">Jatka lukemista<span class=\"screen-reader-text\"> &#8221;Tunnin peruuttaminen&#8221;<\/span><\/a><\/p>\n<div class=\"fcbkbttn_buttons_block\" id=\"fcbkbttn_left\"><div class=\"fcbkbttn_like \"><fb:like href=\"https:\/\/www.tapiolanratsastuskoulu.net\/?page_id=82\" action=\"like\" colorscheme=\"light\" layout=\"standard\"  width=\"225px\" size=\"small\"><\/fb:like><\/div><div class=\"fb-share-button  \" data-href=\"https:\/\/www.tapiolanratsastuskoulu.net\/?page_id=82\" data-type=\"button_count\" data-size=\"small\"><\/div><\/div>","protected":false},"author":2,"featured_media":0,"parent":76,"menu_order":0,"comment_status":"closed","ping_status":"closed","template":"","meta":{"footnotes":""},"class_list":["post-82","page","type-page","status-publish","hentry"],"_links":{"self":[{"href":"https:\/\/www.tapiolanratsastuskoulu.net\/index.php?rest_route=\/wp\/v2\/pages\/82","targetHints":{"allow":["GET"]}}],"collection":[{"href":"https:\/\/www.tapiolanratsastuskoulu.net\/index.php?rest_route=\/wp\/v2\/pages"}],"about":[{"href":"https:\/\/www.tapiolanratsastuskoulu.net\/index.php?rest_route=\/wp\/v2\/types\/page"}],"author":[{"embeddable":true,"href":"https:\/\/www.tapiolanratsastuskoulu.net\/index.php?rest_route=\/wp\/v2\/users\/2"}],"replies":[{"embeddable":true,"href":"https:\/\/www.tapiolanratsastuskoulu.net\/index.php?rest_route=%2Fwp%2Fv2%2Fcomments&post=82"}],"version-history":[{"count":12,"href":"https:\/\/www.tapiolanratsastuskoulu.net\/index.php?rest_route=\/wp\/v2\/pages\/82\/revisions"}],"predecessor-version":[{"id":1808,"href":"https:\/\/www.tapiolanratsastuskoulu.net\/index.php?rest_route=\/wp\/v2\/pages\/82\/revisions\/1808"}],"up":[{"embeddable":true,"href":"https:\/\/www.tapiolanratsastuskoulu.net\/index.php?rest_route=\/wp\/v2\/pages\/76"}],"wp:attachment":[{"href":"https:\/\/www.tapiolanratsastuskoulu.net\/index.php?rest_route=%2Fwp%2Fv2%2Fmedia&parent=82"}],"curies":[{"name":"wp","href":"https:\/\/api.w.org\/{rel}","templated":true}]}}